d 819.
63
Calculate the highest common factor of 447638 and 412.
206
Calculate the highest common divisor of 266639 and 1173.
23
Calculate the highest common divisor of 220 and 38820.
20
What is the greatest common factor of 287 and 6979?
7
What is the highest common divisor of 533 and 5434?
13
What is the greatest common factor of 1124 and 3532?
4
Calculate the highest common divisor of 37069 and 304.
19
What is the greatest common factor of 21931 and 39?
13
What is the greatest common factor of 6645 and 2355?
15
What is the highest common factor of 11 and 221947?
11
What is the highest common factor of 256520 and 660?
220
Calculate the highest common factor of 6 and 1501179.
3
What is the greatest common divisor of 1054566 and 354?
354
Calculate the highest common divisor of 60858 and 1106.
14
What is the highest common divisor of 1242 and 2139?
69
What is the highest common factor of 2826 and 61858?
314
What is the greatest common divisor of 61571 and 713?
23
What is the highest common divisor of 117367 and 487?
487
Calculate the highest common factor of 24 and 4296.
24
Calculate the greatest common factor of 681 and 67646.
227
Calculate the highest common factor of 2635 and 7213049.
527
Calculate the greatest common factor of 2562 and 111081.
183
Calculate the highest common factor of 472 and 6979228.
236
What is the greatest common divisor of 415 and 1023805?
415
What is the highest common divisor of 2511916 and 11?
11
Calculate the highest common divisor of 6885166 and 158.
158
Calculate the highest common factor of 7 and 108227.
7
Calculate the greatest common divisor of 21182 and 534.
178
Calculate the greatest common divisor of 36 and 828.
36
What is the greatest common divisor of 1512 and 6867?
63
Calculate the highest common factor of 143892 and 288.
36
What is the greatest common factor of 24046 and 132?
22
Calculate the highest common factor of 2292 and 420.
12
Calculate the greatest common factor of 1242 and 543510.
54
Calculate the highest common divisor of 5068 and 767440.
724
Calculate the highest common divisor of 444261 and 5270.
527
What is the highest common divisor of 126744 and 96?
24
What is the greatest common factor of 306 and 229806?
306
What is the greatest common divisor of 92598 and 207?
69
What is the highest common factor of 3927 and 196707?
357
Calculate the highest common factor of 608 and 4218.
38
What is the greatest common divisor of 1967 and 24166?
281
Calculate the greatest common factor of 799395 and 80145.
2055
Calculate the highest common factor of 338507 and 507.
169
What is the greatest common factor of 378243 and 27?
27
Calculate the greatest common divisor of 244518 and 1743.
249
What is the highest common divisor of 3685 and 4015?
55
Calculate the highest common factor of 52186 and 13450.
538
Calculate the highest common divisor of 57276 and 29304.
1332
What is the greatest common factor of 8671 and 413569?
377
What is the highest common factor of 4724 and 36?
4
Calculate the highest common factor of 91 and 2782780.
91
Calculate the greatest common factor of 138 and 39813.
69
Calculate the greatest common divisor of 1680174 and 269.
269
Calculate the highest common factor of 1911 and 21462.
147
What is the highest common factor of 2945 and 33325?
155
What is the highest common divisor of 980 and 139258?
98
What is the greatest common divisor of 7 and 1128659?
7
What is the greatest common divisor of 468 and 233883?
117
What is the greatest common factor of 133500 and 2100?
300
What is the highest common divisor of 11109 and 1331493?
1587
What is the highest common divisor of 10444490 and 10?
10
What is the highest common divisor of 2 and 351250?
2
What is the highest common divisor of 2001 and 21459?
69
Calculate the greatest common factor of 16359 and 1260.
21
Calculate the highest common factor of 3 and 213139.
1
Calculate the highest common divisor of 204375 and 1500.
375
Calculate the highest common factor of 866 and 449887.
433
Calculate the highest common divisor of 1818 and 279.
9
Calculate the greatest common divisor of 2284 and 105635.
571
What is the highest common divisor of 261 and 981?
9
What is the highest common divisor of 13888 and 2912?
224
Calculate the greatest common divisor of 414 and 288.
18
What is the highest common factor of 4 and 29044?
4
Calculate the highest common divisor of 28 and 217336.
28
Calculate the highest common divisor of 26 and 131521.
13
What is the greatest common factor of 486001 and 19?
19
What is the highest common divisor of 327 and 62893?
109
What is the highest common factor of 4182 and 14229?
51
What is the highest common factor of 9312 and 720?
48
Calculate the greatest common divisor of 33940 and 280.
20
Calculate the greatest common factor of 244304 and 496.
16
Calculate the highest common factor of 4548 and 9588.
12
Calculate the greatest common divisor of 804 and 68676.
12
What is the highest common factor of 464 and 428446?
58
Calculate the greatest common factor of 136 and 270980.
68
What is the greatest common divisor of 41390 and 20?
10
What is the greatest common factor of 154876 and 3472?
124
Calculate the highest common divisor of 93458 and 1826.
166
What is the greatest common factor of 273205 and 1082?
541
What is the highest common factor of 640760 and 249?
83
What is the highest common divisor of 2555 and 4599?
511
Calculate the highest common factor of 2100 and 233940.
420
What is the greatest common divisor of 5644 and 9554?
34
Calculate the greatest common factor of 2402 and 2.
2
What is the greatest common divisor of 96578 and 172?
86
Calculate the highest common factor of 208668 and 12.
12
What is the highest common divisor of 3670 and 58610?
10
What is the highest common factor of 252 and 119448?
252
What is the greatest common divisor of 1695818 and 34?
34
Calculate the greatest common factor of 345 and 18510.
15
Calculate the greatest common factor of 224 and 147707.
7
Calculate the greatest common factor of 270972 and 6912.
108
What is the greatest common factor of 4544 and 19099?
71
Calculate the highest common factor of 4137 and 36051.
591
What is the highest common divisor of 7 and 3073?
7
What is the highest common divisor of 34195 and 1085?
35
Calculate the greatest common divisor of 165154 and 22.
22
Calculate the highest common factor of 7640 and 68440.
40
What is the greatest common divisor of 16 and 2501056?
16
Calculate the greatest common divisor of 132 and 2700.
12
Calculate the greatest common factor of 142230 and 15510.
330
Calculate the greatest common divisor of 1316084 and 44.
44
Calculate the greatest common divisor of 533 and 10334870.
533
Calculate the highest common divisor of 2232 and 150408.
72
Calculate the greatest common divisor of 606 and 395112.
606
What is the greatest common divisor of 611 and 4654?
13
Calculate the greatest common divisor of 151715 and 6650.
95
What is the highest common divisor of 189 and 52218?
27
Calculate the highest common divisor of 122856 and 24.
24
Calculate the greatest common divisor of 37 and 962999.
37
Calculate the greatest common factor of 149583 and 357.
357
Calculate the greatest common factor of 1056 and 34836.
12
Calculate the greatest common divisor of 304 and 93176.
152
Calculate the highest common divisor of 278 and 24.
2
What is the highest common divisor of 354 and 32745?
177
Calculate the highest common factor of 607507 and 124.
31
Calculate the greatest common divisor of 84 and 608412.
84
What is the greatest common factor of 5836 and 16?
4
What is the highest common divisor of 24 and 1284468?
12
What is the highest common factor of 8 and 13636?
4
Calculate the highest common divisor of 1052 and 405809.
263
What is the greatest common divisor of 520 and 359320?
520
Calculate the highest common divisor of 1156 and 8160.
68
Calculate the highest common factor of 115 and 505.
5
Calculate the highest common divisor of 108 and 23724.
36
What is the greatest common factor of 180 and 20484?
36
Calculate the greatest common factor of 189220 and 20.
20
Calculate the greatest common divisor of 52 and 6534268.
52
What is the greatest common factor of 8509 and 7303?
67
What is the highest common factor of 7850 and 21038?
314
What is the greatest common factor 